 prime factors of 2684996?
2, 671249
What are the prime factors of 866026?
2, 7, 8837
List the prime factors of 3572388.
2, 3, 99233
List the prime factors of 3549011.
3549011
List the prime factors of 1227466.
2, 613733
What are the prime factors of 246685?
5, 103, 479
List the prime factors of 1143502.
2, 571751
What are the prime factors of 200309?
383, 523
What are the prime factors of 5397461?
2141, 2521
List the prime factors of 13999384.
2, 7, 249989
List the prime factors of 291690.
2, 3, 5, 7, 463
What are the prime factors of 573363?
3, 7, 19, 479
List the prime factors of 1422253.
7, 199, 1021
What are the prime factors of 3879425?
5, 11, 14107
List the prime factors of 75267.
3, 8363
What are the prime factors of 3645394?
2, 383, 4759
List the prime factors of 692833.
653, 1061
List the prime factors of 3451667.
29, 41, 2903
List the prime factors of 2029345.
5, 405869
What are the prime factors of 1907486?
2, 7, 19, 71, 101
List the prime factors of 323875.
5, 2591
List the prime factors of 7387.
83, 89
What are the prime factors of 11193033?
3, 19, 131, 1499
List the prime factors of 540211.
7, 229, 337
List the prime factors of 678214.
2, 339107
What are the prime factors of 1420384?
2, 7, 17, 373
List the prime factors of 4939506.
2, 3, 11, 13, 19, 101
What are the prime factors of 295480?
2, 5, 83, 89
List the prime factors of 851171.
851171
What are the prime factors of 302509?
229, 1321
List the prime factors of 226283.
226283
What are the prime factors of 750626?
2, 89, 4217
What are the prime factors of 335024?
2, 20939
List the prime factors of 399974.
2, 227, 881
List the prime factors of 20388.
2, 3, 1699
What are the prime factors of 116012?
2, 13, 23, 97
What are the prime factors of 638824?
2, 47, 1699
What are the prime factors of 2368403?
2368403
What are the prime factors of 2965771?
73, 40627
List the prime factors of 32480.
2, 5, 7, 29
List the prime factors of 116633.
11, 23, 461
What are the prime factors of 10765519?
53, 229, 887
What are the prime factors of 7807404?
2, 3, 11, 19, 283
What are the prime factors of 310731?
3, 103577
What are the prime factors of 319453?
319453
List the prime factors of 138352.
2, 8647
List the prime factors of 24651211.
13, 1896247
What are the prime factors of 11393862?
2, 3, 1898977
What are the prime factors of 176883?
3, 7, 8423
List the prime factors of 800014.
2, 19, 37, 569
What are the prime factors of 197678?
2, 13, 7603
What are the prime factors of 183898?
2, 11, 13, 643
What are the prime factors of 14977?
17, 881
What are the prime factors of 1491922?
2, 277, 2693
List the prime factors of 353407.
157, 2251
What are the prime factors of 118039?
41, 2879
List the prime factors of 2138137.
2138137
List the prime factors of 3510154.
2, 101, 17377
List the prime factors of 376761.
3, 7, 11, 233
What are the prime factors of 674179?
11, 167, 367
What are the prime factors of 210568?
2, 26321
What are the prime factors of 117008?
2, 71, 103
What are the prime factors of 4622150?
2, 5, 13, 547
What are the prime factors of 5512439?
643, 8573
List the prime factors of 11419387.
7, 1631341
What are the prime factors of 4783796?
2, 31, 173, 223
List the prime factors of 45552.
2, 3, 13, 73
What are the prime factors of 3275569?
11, 297779
List the prime factors of 425772.
2, 3, 11827
What are the prime factors of 168523?
168523
List the prime factors of 3750371.
89, 42139
List the prime factors of 4874333.
997, 4889
List the prime factors of 3405375.
3, 5, 1009
List the prime factors of 1618814.
2, 809407
List the prime factors of 592983.
3, 41, 1607
List the prime factors of 253507.
253507
What are the prime factors of 5932382?
2, 503, 5897
What are the prime factors of 10091814?
2, 3, 541, 3109
What are the prime factors of 159983?
157, 1019
List the prime factors of 9431681.
7, 41, 59, 557
List the prime factors of 4465628.
2, 17, 3863
What are the prime factors of 108146?
2, 23, 2351
List the prime factors of 2325.
3, 5, 31
List the prime factors of 14546866.
2, 17, 427849
List the prime factors of 1431768.
2, 3, 13, 353
List the prime factors of 2441583.
3, 43, 701
What are the prime factors of 2770358?
2, 1385179
List the prime factors of 195190.
2, 5, 131, 149
What are the prime factors of 17119258?
2, 13, 658433
List the prime factors of 86695.
5, 7, 2477
What are the prime factors of 26025?
3, 5, 347
What are the prime factors of 23227558?
2, 277, 41927
List the prime factors of 1819104.
2, 3, 7, 2707
List the prime factors of 14804423.
71, 208513
List the prime factors of 43334820.
2, 3, 5, 19, 12671
List the prime factors of 620956.
2, 7, 67, 331
What are the prime factors of 11137651?
7, 227299
List the prime factors of 1702123.
433, 3931
List the prime factors of 234823.
43, 127
What are the prime factors of 29878642?
2, 29, 515149
What are the prime factors of 276951?
3, 92317
What are the prime factors of 457450?
2, 5, 7, 1307
List the prime factors of 260327.
439, 593
List the prime factors of 1781805.
3, 5, 118787
List the prime factors of 136600.
2, 5, 683
List the prime factors of 187974.
2, 3, 59
What are the prime factors of 10329445?
5, 7, 19, 317
List the prime factors of 4500300.
2, 3, 5, 7, 2143
What are the prime factors of 355968?
2, 3, 103
What are the prime factors of 197936?
2, 89, 139
List the prime factors of 425168.
2, 26573
List the prime factors of 669538.
2, 31, 10799
What are the prime factors of 518979?
3, 172993
What are the prime factors of 89820?
2, 3, 5, 499
List the prime factors of 438451.
13, 29, 1163
What are the prime factors of 1085754?
2, 3, 180959
What are the prime factors of 7264924?
2, 1069, 1699
List the prime factors of 13348455.
3, 5, 59, 15083
What are the prime factors of 2490882?
2, 3, 415147
List the prime factors of 3157852.
2, 17, 46439
What are the prime factors of 755109?
3, 27967
List the prime factors of 382273.
251, 1523
What are the prime factors of 129244?
2, 79, 409
What are the prime factors of 195350?
2, 5, 3907
List the prime factors of 19238780.
2, 5, 11, 157, 557
List the prime factors of 269336.
2, 131, 257
List the prime factors of 500684.
2, 17, 37, 199
What are the prime factors of 3297033?
3, 37, 9901
List the prime factors of 141376.
2, 47
List the prime factors of 200124.
2, 3, 17, 109
List the prime factors of 565498.
2, 433, 653
What are the prime factors of 32070844?
2, 13, 677, 911
List the prime factors of 3563038.
2, 1781519
What are the prime factors of 796566?
2, 3, 132761
List the prime factors of 311034.
2, 3, 51839
List the prime factors of 1777282.
2, 13, 17, 4021
What are the prime factors of 26930?
2, 5, 2693
What are the prime factors of 51342?
2, 3, 43, 199
List the prime factors of 2293469.
53, 109, 397
What are the prime factors of 19554?
2, 3, 3259
List the prime factors of 367371.
3, 40819
List the prime factors of 1032844.
2, 258211
List the prime factors of 247805.
5, 29, 1709
List the prime factors of 33317687.
13, 1109, 2311
List the prime factors of 26094740.
2, 5, 7, 186391
List the prime factors of 102730.
2, 5, 10273
What are the prime factors of 547838?
2, 273919
What are the prime factors of 387351?
3, 193, 223
List the prime factors of 20738.
2, 10369
What are the prime factors of 1941780?
2, 3, 5, 32363
List the prime factors of 3140267.
13, 241559
List the prime factors of 937137.
3, 19, 41, 401
List the prime factors of 1104152.
2, 7, 19717
What are the prime factors of 4014875?
5, 32119
What are the prime factors of 23401201?
41, 13921
List the prime factors of 4148399.
97, 42767
What are the prime factors of 6256695?
3, 5, 417113
What are the prime factors of 55372?
2, 109, 127
List the prime factors of 173938.
2, 86969
List the prime factors of 2161004.
2, 540251
List the prime factors of 11529639.
3, 11, 116461
List the prime factors of 2971627.
719, 4133
List the prime factors of 2694819.
3, 191, 4703
What are the prime factors of 242297?
11, 22027
What are the prime factors of 2341705?
5, 103, 4547
What are the prime factors of 81581?
23, 3547
List the prime factors of 371084.
2, 7, 29, 457
List the prime factors of 903370.
2, 5, 13, 6949
What are the prime factors of 2673798?
2, 3, 445633
What are the prime factors of 21079966?
2, 17, 619999
List 